?
2
Let v be (-16)/12*(-3)/(-2) - -13. Let l(d) be the second derivative of 2*d**3/3 + 25*d**2/2 - 5*d. What is the tens digit of l(v)?
6
Let q be 1 + -1 - (-2 + 25 + -7). Let k = 84 + q. Suppose -r - 3*j + 35 = -k, 0 = 5*j. What is the hundreds digit of r?
1
Suppose -42*r + 4*t + 32527 = -39*r, 5*r + 5*t = 54270. What is the units digit of r?
9
Let z = 69 - -104. Suppose 0 = 2*h - h - z. Suppose 1309 = 8*a + h. What is the units digit of a?
2
Suppose -3*h - 9 + 6 = 0, 16 = d - 3*h. Suppose d*p + 4554 = 36*p. What is the hundreds digit of p?
1
Let w = 139 - 148. What is the tens digit of 1560 - (w + 10)*-7?
6
Let i = -38 + 39. Let b be (182/(-28))/(i/(-216)). Suppose 96 - b = -6*p. What is the hundreds digit of p?
2
Let s(y) = 47*y + 5463. What is the units digit of s(7)?
2
Suppose 0 = 5*w - k - 2614, 4*w - 3*k = -8*k + 2068. Suppose -2197 + w = -25*d. What is the tens digit of d?
6
Let n(v) = v**3 + 24*v**2 - 15*v - 51. Let d be n(-24). What is the units digit of (d/(-6))/(3 - (-76)/(-24))?
9
Let p(t) = 1394*t - 4244. What is the ten thousands digit of p(29)?
3
Let y = 1930 + 812. Let r = y + -1429. What is the thousands digit of r?
1
Suppose -2*k + 5*k = p - 1394, k = -2*p + 2816. What is the hundreds digit of p?
4
Suppose 492800 = 85*h - 57*h. What is the units digit of h?
0
Suppose -y = -h + 2, 4*h + 2 = -3*y + 24. Let f be (-16)/8 + 12/y. Suppose -3*t = -f*v - t + 484, v - 4*t = 114. What is the tens digit of v?
2
Let a(j) = -49*j**3 + 12*j**2 + 14*j + 171. What is the units digit of a(-7)?
8
Let o be (2 - 8 - -7)*-1. What is the tens digit of ((-170)/6)/(4/108*o)?
6
Suppose 36*l - 37*l = i - 4250, 3*l = -2*i + 8494. What is the units digit of i?
6
Suppose -3*k - k + l = -16, l - 4 = -k. Let n be ((-2)/k + 0)*0. Suppose 3*c - 2*j - 163 = 0, 4*c + n*j - 2*j - 218 = 0. What is the units digit of c?
5
Suppose 5*j + 5982 = 3*m + j, -2*m - j + 3999 = 0. What is the tens digit of m/7 + -8*(-2)/28?
8
What is the tens digit of 16/(-5 - (-24048)/16824*(-14)/(-4))?
0
Let x(w) = -w**3 - 14*w**2 + 22*w + 19. Let k be x(-15). Let l = 34 - k. Let u = l + -64. What is the units digit of u?
6
Suppose -9 = -k + 2*w, 0 = k + 4*k + w - 12. Suppose 5*j = 3*j + z + 1854, -2775 = -k*j + 3*z. What is the units digit of j?
9
Let k be (499/2 - -5)/((-3)/(-6)). Suppose -4*b = -k - 615. What is the units digit of b?
1
Suppose 0 = -13*p + 6*p - 903. Let c = p - -87. Let i = 112 + c. What is the tens digit of i?
7
Let c = 728 - 738. What is the tens digit of (-6)/9 - (22700/3)/c?
5
Let k = -20967 - -50046. What is the hundreds digit of k?
0
Let m = -37 - 74. Let x = 39 + m. Let a = x + 90. What is the tens digit of a?
1
Let i(m) = -18*m - 16. Let z be i(-5). Suppose -2*n = u - 7*n - 16, 3*u = 2*n + z. Suppose -8*f + u*f - 4860 = 0. What is the tens digit of f?
7
Let o(q) = 4*q - 5*q**2 + 4*q**2 + 231 + 10*q + 2*q**2. What is the tens digit of o(0)?
3
Let d = -11179 + 24652. What is the thousands digit of d?
3
Suppose 0*a + 329 = -a - p, -3*p = -4*a - 1302. Let h = a - -1278. What is the tens digit of h?
5
Let v be 1/3 - 272/(-3). Let j(m) = -m**2 - 39*m + 130. Let y be j(3). Suppose y*u = 5*u - v. What is the tens digit of u?
9
Let k = -201 + 87. What is the units digit of 4/(-6) - 1672/k?
4
Let a = 155 + 466. Let g = a - 34. What is the hundreds digit of g?
5
Let n(t) be the third derivative of 7*t**4/12 + 25*t**3 + 11*t**2 + 3. What is the tens digit of n(-10)?
1
Let k = 62 + -64. What is the tens digit of (-4)/k - (-3)/(9/1590)?
3
Suppose 2*q = -4*a + 3*q + 59096, 2*a + q = 29554. What is the ten thousands digit of a?
1
Let q(s) = 1922*s + 3896. What is the ten thousands digit of q(7)?
1
What is the ten thousands digit of 2194/(2*-1)*(-434)/279*9?
1
Suppose -b - 1341 = -5*f + 2241, 10 = -5*b. Suppose 598 = 2*q + 4*v - 108, -2*q + f = -v. What is the units digit of q?
7
Suppose 63992 = -12*o - 7*o. What is the tens digit of ((-4)/(-8))/((-4)/o)?
2
Suppose 19*m + 4*y - 14 = 18*m, -2*m + y + 1 = 0. Suppose -17*p + m*p = -1725. What is the tens digit of p?
1
Let p(i) = -68*i - 113. Let s(k) = -23*k - 38. Let m(h) = 3*p(h) - 8*s(h). What is the hundreds digit of m(-21)?
3
Let v = -184 + 331. Suppose -153 = -3*d - 2*p, 4*p + 0*p - v = -3*d. Suppose 55*j - 212 = d*j. What is the units digit of j?
6
Let m = 20 + -22. Let v = m + -9. Let n = v + 22. What is the units digit of n?
1
Let o(d) = 898*d**3 - 4*d**2 - 44*d - 7. What is the thousands digit of o(4)?
7
Let x(m) = 864*m - 4931. What is the thousands digit of x(32)?
2
Suppose u = -4*u - 105. Let g(c) = 2*c**2 + 33*c + 25. What is the tens digit of g(u)?
1
Let o = -10559 - -11792. What is the units digit of o?
3
Let p = 115 - 107. Suppose -p*h + 15*h = 2331. What is the units digit of h?
3
Let b = 9851 - 6769. Let v be ((-6)/(-4))/(-4 - 1870/(-460)). What is the hundreds digit of 3*1 + b/v?
1
What is the tens digit of -6 + -4067*(2/(-3) + (-25)/75)?
6
Suppose 13*p = 11*p - 16. Let i = p + 10. What is the units digit of 97/i - (-2 - 15/(-6))?
8
What is the thousands digit of (-11)/((-22)/12) + 9716/(-21)*-21?
9
Suppose 144*p - 149*p = -5*o + 160, -p - 4 = 0. Suppose -20*x - 6152 = -o*x. What is the hundreds digit of x?
7
Suppose -4*w + 17 = -y, 0*w - 2*y = w + 7. Suppose 0 = 3*z - w, 5*z + 7 = -q - 2*q. What is the hundreds digit of (-18)/q*(-12)/18 + 152?
1
Let q = 116324 - 26028. What is the thousands digit of q?
0
Suppose 2*h - g = -0*h + 11010, 4*g = -2*h + 11030. What is the hundreds digit of h?
5
Suppose k - 12 = -4*b, k - 2*b - 12 = -3*k. Suppose 0 = -k*f - 3*p - 3, 18 = -f + 2*p + 3*p. Let z(w) = 3*w**2 + 2*w + 3. What is the tens digit of z(f)?
2
Suppose -k + 656 = 3*k. Suppose 182 = k*x - 162*x. What is the units digit of x?
1
Let g(a) = 25*a + 1006. What is the tens digit of g(2)?
5
Let j = -9364 - -19747. What is the thousands digit of j?
0
Suppose 0 = 4*m - 5*d - 26615, 7*d - 12*d - 19960 = -3*m. What is the units digit of m?
5
What is the ten thousands digit of ((-3 - -2)*(-6)/12)/((-44)/(-1473736))?
1
Suppose r = -0*r - 21. Let v = 10 + r. What is the units digit of ((429/6)/v)/((-1)/14)?
1
Let r(p) = 21*p**2 - p + 17. Let u(w) = -14*w**2 + w - 11. Let j(k) = -5*r(k) - 8*u(k). Let s be j(1). What is the tens digit of 198/(-4 + s) + 2?
6
Let g(n) be the third derivative of -n**6/120 - n**5/6 - 5*n**4/6 - 20*n**3/3 + 31*n**2. What is the units digit of g(-13)?
7
Suppose 3*q - 2033 = 4*z + 2750, -6336 = -4*q - 5*z. Let i = q - 817. Suppose 5*l = i - 17. What is the units digit of l?
1
Let h(o) = -o + 4. Let a be h(-3). Suppose -a*c = -30*c + 16882. What is the tens digit of c?
3
Let z = 21459 - 7149. What is the thousands digit of z?
4
Let k = -5683 + 15672. What is the thousands digit of k?
9
Let m(v) = -v**3 - 3*v. Let g be m(-3). Suppose j = -h + 8 + 5, -g = -4*h + 4*j. Let t(q) = q**3 - 12*q**2 + 11*q + 7. What is the units digit of t(h)?
7
Suppose -14632769 = -454*w + 3503169. What is the units digit of w?
7
Let r = -53 + 65. Suppose 4*g + 5*a - r = 0, 0*a = 5*g + 3*a - 15. Suppose o - w - 33 = 0, -4*w + 3*w + 87 = g*o. What is the units digit of o?
0
Suppose 0 = 5*v - 4*f + 2*f - 426, -5*f = v - 69. Suppose -k + 2*k = -5*o - v, -5*k = 5*o + 500. Let l = 158 + k. What is the units digit of l?
4
Let m be (-42)/(-8)*((-15)/5 - 1). Let c = m + -104. Let z = -58 - c. What is the tens digit of z?
6
Let y = -168305 + 252733. What is the thousands digit of y?
4
Let s = -15 + 15. Suppose -34 = 3*c - 2*u - 3*u, s = -2*c + 5*u - 26. Let w(y) = -y**3 - 7*y**2 + 4*y + 18. What is the tens digit of w(c)?
5
Suppose 0 = -3*w + 7*l - 3*l - 20, w + 5*l - 25 = 0. Suppose w = -15*p - 146 + 2636. What is the units digit of p?
6
Let r be ((56 - 7)*1)/((-2)/(-8)). Let w = 524 - r. What is the tens digit of w?
2
Let f = -19557 + 34649. What is the ten thousands digit of f?
1
Let s = 64513 + -31913. What is the thousands digit of s?
2
Suppose -2*i - u = -5*i + 11, 3*u = 4*i - 18. Suppose -4 = i*d - 4*d. Suppose d*r - 145 = r + 4*v, 0 = 4*r - 4*v - 200. What is the tens digit of r?
5
Let h(d) = 6*d**2 - 133*d - 2605. What is the hundreds digit of h(82)?
8
Let s(q) = -q**3 + 23*q**2 - 42*q + 12. Let w be s(21). What is the tens digit of (-2732)/(-6) + (-4)/w?
5
Suppose -690880 = -103*u + 23*u. What is the hundreds digit of 